 composite number?
True
Is 57131 composite?
False
Is 25811 a prime number?
False
Is 1811 a composite number?
False
Is 40081 prime?
False
Is 29519 a composite number?
True
Is 1745 composite?
True
Is 356093 prime?
True
Is 197329 a composite number?
True
Is 173699 composite?
False
Is 12871 a prime number?
False
Is 9349 a prime number?
True
Is 3707 a prime number?
False
Is 2848589 a prime number?
True
Is 1424483 composite?
False
Is 61627 a composite number?
False
Is 575753 a composite number?
False
Is 73391 a prime number?
False
Is 13081 a composite number?
True
Is 67823 composite?
True
Is 17231 prime?
True
Is 5839 prime?
True
Is 25697 composite?
True
Is 105387 prime?
False
Is 866 prime?
False
Is 1365603 composite?
True
Is 1052039 a prime number?
True
Is 24593 composite?
False
Is 31159 composite?
False
Is 778187 composite?
False
Is 139043 a composite number?
True
Is 196111 composite?
False
Is 304027 a composite number?
True
Is 244087 a prime number?
True
Is 422227 a composite number?
True
Is 2298521 composite?
True
Is 18143 composite?
False
Is 8999 a prime number?
True
Is 2634419 composite?
False
Is 809 prime?
True
Is 60101 a composite number?
False
Is 39293 composite?
False
Is 23801 prime?
True
Is 2371 prime?
True
Is 319 composite?
True
Is 1151 a prime number?
True
Is 5981 a prime number?
True
Is 1863011 composite?
False
Is 307423 prime?
True
Is 188047 prime?
False
Is 24199 a composite number?
True
Is 11567 a composite number?
True
Is 85807 a prime number?
False
Is 543617 prime?
True
Is 3505 a composite number?
True
Is 13609 composite?
True
Is 6247 a prime number?
True
Is 10831 prime?
True
Is 53527 composite?
False
Is 57097 composite?
False
Is 255011 prime?
False
Is 3737 prime?
False
Is 1078489 a prime number?
True
Is 25523 composite?
False
Is 500533 composite?
True
Is 645119 prime?
False
Is 31667 prime?
True
Is 589331 a prime number?
True
Is 4219 a prime number?
True
Is 1393577 a composite number?
False
Is 199 prime?
True
Is 1694761 a prime number?
True
Is 339005 composite?
True
Is 4722829 a prime number?
True
Is 35195 a prime number?
False
Is 113779 prime?
True
Is 24733 composite?
False
Is 807 prime?
False
Is 1437314 composite?
True
Is 6697 a composite number?
True
Is 3049 prime?
True
Is 461507 a prime number?
True
Is 251571 a prime number?
False
Is 749393 composite?
False
Is 113261 composite?
True
Is 64763 a composite number?
False
Is 68461 a composite number?
True
Is 11002 a composite number?
True
Is 54037 composite?
False
Is 23935 composite?
True
Is 3593 prime?
True
Is 766 prime?
False
Is 1255 composite?
True
Is 1682627 a composite number?
False
Is 125359 a prime number?
False
Is 53987 composite?
False
Is 1936097 composite?
False
Is 34321 prime?
False
Is 28697 composite?
False
Is 16597 prime?
False
Is 88174 composite?
True
Is 24907 composite?
False
Is 67883 a composite number?
False
Is 108377 a composite number?
False
Is 351271 a composite number?
True
Is 34453 composite?
True
Is 497143 a prime number?
False
Is 377393 a prime number?
True
Is 748645 composite?
True
Is 12671 a composite number?
False
Is 16483 composite?
True
Is 172303 a composite number?
True
Is 1068629 a prime number?
True
Is 3251 a prime number?
True
Is 16673 a composite number?
False
Is 196067 prime?
False
Is 162805 composite?
True
Is 4647 composite?
True
Is 1069 a composite number?
False
Is 2469035 composite?
True
Is 863611 a prime number?
False
Is 68395 a prime number?
False
Is 59333 prime?
True
Is 115015 a composite number?
True
Is 2072255 composite?
True
Is 36959 prime?
False
Is 48427 a prime number?
False
Is 348827 a composite number?
False
Is 1937 composite?
True
Is 127321 composite?
False
Is 41341 a prime number?
True
Is 1292755 a prime number?
False
Is 115361 composite?
False
Is 217963 prime?
False
Is 354239 prime?
False
Is 2221 composite?
False
Is 19217 a prime number?
False
Is 39279 composite?
True
Is 18229 a prime number?
True
Is 23521 a composite number?
True
Is 3643 composite?
False
Is 22609 a prime number?
False
Is 2072153 a prime number?
True
Is 2874791 composite?
False
Is 28803 prime?
False
Is 103289 prime?
True
Is 196135 prime?
False
Is 185699 prime?
True
Is 95651 composite?
False
Is 662309 a composite number?
False
Is 6803 prime?
True
Is 181871 prime?
True
Is 444253 a prime number?
True
Is 2003 a prime number?
True
Is 26077 a composite number?
True
Is 77177 a prime number?
False
Is 77839 a composite number?
False
Is 853 a prime number?
True
Is 213019 composite?
False
Is 21377 prime?
True
Is 126145 composite?
True
Is 3389 composite?
False
Is 25063 prime?
False
Is 38281 prime?
True
Is 1671 composite?
True
Is 4169 a composite number?
True
Is 11677 a composite number?
False
Is 69133 a composite number?
True
Is 4751 a prime number?
True
Is 5563 composite?
False
Is 12199 a prime number?
False
Is 90523 composite?
False
Is 502871 a composite number?
True
Is 3097 composite?
True
Is 158071 composite?
False
Is 147521 a prime number?
False
Is 61441 a composite number?
False
Is 158093 composite?
True
Is 12898921 prime?
False
Is 33665 a prime number?
False
Is 2099707 a prime number?
True
Is 2019579 a prime number?
False
Is 5498 a composite number?
True
Is 221429 prime?
False
Is 1490333 composite?
True
Is 191423 composite?
True
Is 85931 a prime number?
True
Is 8513 composite?
False
Is 10967 a prime number?
False
Is 9527 prime?
False
Is 126299 a composite number?
True
Is 10037 a prime number?
True
Is 145139 a prime number?
True
Is 34097 a composite number?
True
Is 7237 a prime number?
True
Is 28889 prime?
False
Is 204647 a prime number?
False
Is 23365 prime?
False
Is 508771 prime?
True
Is 5367 composite?
True
Is 60017 prime?
True
Is 1657 prime?
True
Is 44053 a composite number?
False
Is 305579 a prime number?
False
Is 276851 a composite number?
True
Is 2211589 a prime number?
False
Is 542701 a composite number?
True
Is 4177 a prime number?
True
Is 285517 composite?
False
Is 544907 a prime number?
False
Is 9242 prime?
False
Is 118595 prime?
False
Is 24539 a composite number?
True
Is 1779949 prime?
False
Is 227707 a prime number?
True
Is 1374673 prime?
True
Is 9199 prime?
True
Is 191227 prime?
True
Is 631 a prime number?
True
Is 889061 composite?
True
Is 1399 composite?
False
Is 181603 composite?
False
Is 1399 a prime number?
True
Is 125413 composite?
True
Is 70687 prime?
True
Is 59507 prime?
False
Is 23098 composite?
True
Is 5617 composite?
True
Is 692621 prime?
True
Is 37939 a prime number?
False
Is 37721 a prime number?
False
Is 462331 composite?
False
Is 530443 a prime number?
True
Is 97 a composite number?
False
Is 7349 a composite number?
False
Is 25387 a composite number?
True
Is 209753 a prime number?
False
Is 7971 a prime number?
False
Is 14489 prime?
True
Is 4111 prime?
True
Is 1320247 prime?
True
Is 432731 a composite number?
True
Is 34583 composite?
False
Is 19333 a composite number?
False
Is 3973 prime?
False
Is 10243 a composite number?
False
Is 3449 composite?
False
Is 117661 a prime number?
False
Is 298841 prime?
True
Is 4711 a prime number?
False
Is 1191821 a prime number?
True
Is 1820047 prime?
True
Is 1201987 prime?
False
Is 1498843 a prime number?
True
Is 52999 a prime number?
True
Is 12713 a composite number?
False
Is 4547 prime?
True
Is 8861 a composite number?
False
Is 84641 prime?
False
Is 174917 a composite number?
False
Is 4699 composite?
True
Is 18247 a composite number?
True
Is 27149 prime?
False
Is 7069 prime?
True
Is 27087 a prime number?
False
Is 66491 composite?
False
Is 4175453 a prime number?
True
Is 318827 prime?
False
Is 184073 a prime number?
True
Is 2092763 composite?
True
Is 70723 a prime number?
False
Is 62509 composite?
True
Is 9773 a composite number?
True
Is 41467 a composite number?
False
Is 1386683 composite?
True
Is 119141 a composite number?
True
Is 433141 composite?
False
Is 59509 a prime number?
True
Is 203117 composite?
False
Is 2435465 composite?
True
Is 1819 a composite number?
True
Is 85949 composite?
True
Is 249729 composite?
True
Is 125506 composite?
True
Is 314311 a composite number?
True
Is 349729 a prime number?
True
Is 18493 a prime number?
True
Is 228467 a prime number?
False
Is 442671 composite?
True
Is 94421 prime?
True
Is 12381 prime?
False
Is 1709 a composite number?
False
Is 118493 a composite number?
Fal